s digit of 3670?
6
What is the thousands digit of 19148?
9
What is the thousands digit of 38226?
8
What is the hundreds digit of 2749?
7
What is the units digit of 689?
9
What is the units digit of 30?
0
What is the units digit of 44402?
2
What is the thousands digit of 2254?
2
What is the tens digit of 940?
4
What is the thousands digit of 1828?
1
What is the units digit of 103635?
5
What is the units digit of 141?
1
What is the ten thousands digit of 12346?
1
What is the units digit of 15488?
8
What is the units digit of 84178?
8
What is the hundreds digit of 4487?
4
What is the thousands digit of 25451?
5
What is the hundreds digit of 2314?
3
What is the units digit of 1952?
2
What is the units digit of 103575?
5
What is the ten thousands digit of 10893?
1
What is the hundreds digit of 54797?
7
What is the units digit of 31?
1
What is the thousands digit of 7822?
7
What is the hundreds digit of 6004?
0
What is the hundreds digit of 854?
8
What is the hundreds digit of 4513?
5
What is the tens digit of 2866?
6
What is the units digit of 1729?
9
What is the thousands digit of 6341?
6
What is the tens digit of 50391?
9
What is the units digit of 16803?
3
What is the thousands digit of 7691?
7
What is the thousands digit of 48147?
8
What is the hundreds digit of 4219?
2
What is the thousands digit of 46544?
6
What is the tens digit of 1111?
1
What is the tens digit of 786?
8
What is the units digit of 4914?
4
What is the hundreds digit of 2304?
3
What is the tens digit of 32072?
7
What is the units digit of 3106?
6
What is the tens digit of 9182?
8
What is the tens digit of 2979?
7
What is the tens digit of 2578?
7
What is the hundreds digit of 4207?
2
What is the thousands digit of 9022?
9
What is the thousands digit of 6680?
6
What is the thousands digit of 24632?
4
What is the thousands digit of 15172?
5
What is the tens digit of 12368?
6
What is the units digit of 1116?
6
What is the units digit of 1970?
0
What is the units digit of 4111?
1
What is the units digit of 63443?
3
What is the units digit of 103194?
4
What is the hundreds digit of 12632?
6
What is the thousands digit of 4918?
4
What is the thousands digit of 1771?
1
What is the thousands digit of 53133?
3
What is the units digit of 779?
9
What is the thousands digit of 88795?
8
What is the hundreds digit of 53934?
9
What is the hundreds digit of 7693?
6
What is the hundreds digit of 608?
6
What is the units digit of 480?
0
What is the thousands digit of 15520?
5
What is the tens digit of 29659?
5
What is the thousands digit of 4464?
4
What is the hundreds digit of 3153?
1
What is the units digit of 605?
5
What is the units digit of 90?
0
What is the units digit of 5088?
8
What is the hundreds digit of 24668?
6
What is the thousands digit of 1238?
1
What is the thousands digit of 33277?
3
What is the hundreds digit of 1645?
6
What is the units digit of 5360?
0
What is the tens digit of 43942?
4
What is the hundreds digit of 46209?
2
What is the tens digit of 354?
5
What is the hundreds digit of 490?
4
What is the ten thousands digit of 87908?
8
What is the thousands digit of 13391?
3
What is the ten thousands digit of 42821?
4
What is the hundreds digit of 10690?
6
What is the hundred thousands digit of 117988?
1
What is the units digit of 10508?
8
What is the hundreds digit of 38649?
6
What is the units digit of 227?
7
What is the units digit of 768?
8
What is the tens digit of 184?
8
What is the units digit of 84464?
4
What is the thousands digit of 12409?
2
What is the tens digit of 2666?
6
What is the thousands digit of 1584?
1
What is the thousands digit of 19930?
9
What is the units digit of 6147?
7
What is the thousands digit of 51108?
1
What is the thousands digit of 1450?
1
What is the hundreds digit of 21092?
0
What is the thousands digit of 1456?
1
What is the units digit of 1178?
8
What is the units digit of 1537?
7
What is the units digit of 12774?
4
What is the thousands digit of 44113?
4
What is the hundreds digit of 11915?
9
What is the hundreds digit of 886?
8
What is the units digit of 1008?
8
What is the thousands digit of 40105?
0
What is the hundreds digit of 1108?
1
What is the units digit of 290?
0
What is the thousands digit of 9431?
9
What is the tens digit of 25934?
3
What is the thousands digit of 1169?
1
What is the hundreds digit of 398?
3
What is the thousands digit of 1014?
1
What is the hundreds digit of 163027?
0
What is the units digit of 41888?
8
What is the hundred thousands digit of 156635?
1
What is the units digit of 111415?
5
What is the hundreds digit of 123?
1
What is the tens digit of 6048?
4
What is the thousands digit of 3115?
3
What is the hundreds digit of 454?
4
What is the units digit of 1553?
3
What is the tens digit of 5869?
6
What is the hundreds digit of 936?
9
What is the units digit of 2949?
9
What is the tens digit of 414?
1
What is the units digit of 1512?
2
What is the thousands digit of 48622?
8
What is the tens digit of 15643?
4
What is the tens digit of 53702?
0
What is the hundreds digit of 86042?
0
What is the units digit of 4328?
8
What is the hundreds digit of 32602?
6
What is the hundreds digit of 16906?
9
What is the thousands digit of 1662?
1
What is the ten thousands digit of 31467?
3
What is the units digit of 252?
2
What is the tens digit of 6493?
9
What is the tens digit of 1851?
5
What is the units digit of 26453?
3
What is the units digit of 468?
8
What is the tens digit of 27483?
8
What is the tens digit of 1977?
7
What is the tens digit of 57?
5
What is the thousands digit of 1377?
1
What is the units digit of 14798?
8
What is the units digit of 3890?
0
What is the thousands digit of 16336?
6
What is the ten thousands digit of 39029?
3
What is the tens digit of 49160?
6
What is the tens digit of 206?
0
What is the hundreds digit of 16033?
0
What is the hundreds digit of 22360?
3
What is the units digit of 288?
8
What is the hundreds digit of 30717?
7
What is the hundreds digit of 1871?
8
What is the thousands digit of 2727?
2
What is the tens digit of 17880?
8
What is the hundreds digit of 22509?
5
What is the tens digit of 8413?
1
What is the units digit of 2956?
6
What is the tens digit of 2630?
3
What is the tens digit of 857?
5
What is the units digit of 614?
4
What is the hundreds digit of 50677?
6
What is the thousands digit of 26228?
6
What is the units digit of 529?
9
What is the ten thousands digit of 15061?
1
What is the units digit of 572?
2
What is the thousands digit of 10590?
0
What is the units digit of 1633?
3
What is the hundreds digit of 56474?
4
What is the tens digit of 97?
9
What is the tens digit of 15390?
9
What is the tens digit of 56369?
6
What is the hundreds digit of 309?
3
What is the hundreds digit of 302?
3
What is the units digit of 4343?
3
What is the tens digit of 27955?
5
What is the units digit of 11621?
1
What is the units digit of 4195?
5
What is the units digit of 3336?
6
What is the units digit of 593?
3
What is the thousands digit of 137739?
7
What is the hundreds digit of 527?
5
What is the hundreds digit of 1905?
9
What is the tens digit of 1229?
2
What is the thousands digit of 1128?
1
What is the ten thousands digit of 65362?
6
What is the tens digit of 98909?
0
What is the units digit of 13632?
2
What is the tens digit of 96515?
1
What is the thousands digit of 8814?
8
What is the thousands digit of 6961?
6
What is the tens digit of 2871?
7
What is the ten thousands digit of 86989?
8
What is the ten thousands digit of 56988?
5
What is the hundreds digit of 110768?
7
What is the units digit of 2332?
2
What is the thousands digit of 4588?
4
What is the tens digit of 764?
6
What is the units digit of 1568?
8
What is the thousands digit of 53664?
3
What is the units digit of 24321?
1
What is the hundreds digit of 1035?
0
What is the tens digit of 170468?
6
What is the units digit of 2178?
8
What is the tens digit of 6549?
4
What is the units digit of 4275?
5
What is the hundreds digit of 1437?
4
What is the tens digit of 1455?
5
What is the thousands digit of 1353?
1
What is the ten thousands digit of 17369?
1
What is the thousands digit of 16283?
6
What is the units digit of 8132?
2
What is the units digit of 13692?
2
What is the ten thousands digit of 25551?
